(p). Determine u(-8).
8
Let x = 574 - 566. Let l(m) = m**3 - 7*m**2 - 9*m + 2. Determine l(x).
-6
Let q(d) = 6*d**2 - 5*d - 4*d**2 + d**2 - 2*d**2. Let u = -21 - -25. Determine q(u).
-4
Let x(h) = 7*h - 3. Suppose g = -1 + 2, 3*v = -5*g - 10. Let z(m) = 6*m - 2. Let r(t) = v*z(t) + 4*x(t). Let l = -4 + 0. Give r(l).
6
Let r(w) be the second derivative of -w**4/12 + 11*w**3/6 + 3*w**2/2 - 15*w. Let b be r(11). Let t(m) = -3*m - 4*m + 5*m. Give t(b).
-6
Suppose -2 = -0*c - 2*c + 2*p, 5 = 3*c - 2*p. Let d(f) = f**2 + 0*f**2 - f**c - 22 + 26 - f + 3*f**2. What is d(4)?
0
Let r = 819 - 816. Let p(j) = -j**3 + 4*j**2 + j - 2. Calculate p(r).
10
Let a be ((-16)/(-12))/(2/3) - 6. Let w(m) be the second derivative of -m**5/20 - m**4/3 + m**3/6 - 3*m**2/2 + m. Calculate w(a).
-7
Let v(l) = 4 + 92888*l**2 + l**3 + l - 7*l - 92894*l**2. Give v(6).
-32
Let r(i) be the second derivative of i**5/20 + i**4/12 - i**3/3 - 7*i**2/2 + 6*i + 13. Calculate r(-3).
-19
Let d be (-16)/32*(9 + -1). Let q(x) be the second derivative of -x**6/360 + x**5/40 + x**4/6 - 9*x. Let g(a) be the third derivative of q(a). Calculate g(d).
11
Let c(j) be the second derivative of j**3/6 + 4*j**2 + 2*j + 12. Calculate c(-6).
2
Let t(u) = -17*u**2 - 19*u + 10. Let p(y) = -14*y**2 - 18*y + 11. Let g(r) = 6*p(r) - 5*t(r). Let k be 6/2 + (10 - 1). Calculate g(k).
4
Suppose -7*v + 15*v = 40. Let f(i) = -i**2 + 6*i + 6. What is f(v)?
11
Let p(f) = -f**3 - f**2 - 8*f - 13. Let n be p(0). Let x(r) = r**3 + 14*r**2 + 13*r + 9. Determine x(n).
9
Let d(c) = c**2 - 11*c + 5. Suppose -13*z = -23*z + 100. Give d(z).
-5
Let p(l) = -36*l + 131. Let s be p(4). Let o(r) = -r**3 - 13*r**2 + r + 9. Determine o(s).
-4
Let j(c) = 2*c**2 - 6*c - 3. Let g(i) be the second derivative of i**4/4 - i**3 - 2*i**2 + 19*i. Let p(u) = 3*g(u) - 4*j(u). Give p(-4).
-8
Let h(v) be the first derivative of 4*v**2 - v - 696. Let b = 0 - 1. Calculate h(b).
-9
Let o(f) be the third derivative of f**7/630 + f**6/360 - f**5/120 + f**4/4 - 16*f**2. Let u(z) be the second derivative of o(z). Give u(1).
5
Let j(y) = 2*y**3 + 3*y**2 - 3*y + 1. Suppose 7*t - 2*t = 50. Suppose -5*n + t - 4 = -v, 0 = 5*n - 2*v - 2. What is j(n)?
23
Let r(p) = 4*p + 15*p - 3*p**2 - 17*p - 1. Give r(2).
-9
Let c = 21 + -19. Let p(s) = 5*s + 0*s**c + 0*s**2 + 5 - s**2 + 2*s**2. Calculate p(-5).
5
Suppose 23 + 3 = 3*s + 2*v, 2*s + 2*v - 14 = 0. Let n(h) = 4 + 0*h**2 - s + h**2 + 2. Calculate n(0).
-6
Suppose -15*a - 2*k = -16*a + 8, 0 = -5*a + 2*k + 16. Let q(g) = 3*g - 3 + 15*g - 7*g. Determine q(a).
19
Let b(h) = -h**2 + 8*h - 2. Let w = -585 + 589. Give b(w).
14
Suppose -4*x + 6 = -3*s + 2*s, -5*s + x + 8 = 0. Let q(r) = 32 - r - 36 + s*r. Give q(2).
-2
Let c(y) = y - 1. Let m(l) = l - 15. Let h be (-2)/((-4)/5) + (-21)/14. Let f(p) = h*m(p) - 2*c(p). What is f(-6)?
-7
Let q be (4/(-2))/(8 - 6 - 3). Let o(x) = -4*x - 9. Let r(z) = -2*z - 5. Let f(g) = -6*o(g) + 11*r(g). Calculate f(q).
3
Let m(l) = 2*l + 18. Suppose -42*p = -5*p + 444. Calculate m(p).
-6
Let k(f) = 4 + 456*f**2 - 4*f - 460*f**2 + 2*f. Let n(h) = -9*h**2 - 3*h + 7. Let g(l) = -5*k(l) + 3*n(l). Determine g(-1).
-7
Let o = 346 + -342. Let h(d) be the first derivative of d**3/3 + d**2/2 - d - 1. Let v(i) = -5*i**2 - 7*i + 4. Let z(c) = o*h(c) + v(c). What is z(-4)?
-4
Let q = -404 - -407. Let v(u) = u**3 - 2*u**2 - 3*u - 4. Calculate v(q).
-4
Let d(i) = -i**2 - 5*i + 4. Let y = -62 + 38. Let t be ((-3)/3)/(2/y). Suppose -x = 2*l, -l = 4*x + 3*l + t. Determine d(x).
-2
Let g be (8/10)/((-1)/5). Suppose 0 = -6*z - 3 + 15. Let o(h) = 0*h**z + 0*h**2 - 4*h - h**2. Determine o(g).
0
Let u be ((-50)/(-525))/(2/42). Let k(p) = -2*p**3 - p**2 + 7*p. Give k(u).
-6
Let i(u) = 5*u**2 - 2 + 2*u**2 + 3 - 8*u + 2 + u**3. Let z be i(-8). Let v(f) = -f**2 + f + 2. Let c be v(z). Let p(h) = h - 1. Calculate p(c).
-5
Suppose -4*k + 2*i = 16, 12*i - 7*i = k + 4. Let q(b) = -b**3 - 3*b**2 + 7*b + 6. Determine q(k).
-6
Let s(d) = -d**2 - d + 8. Let a be s(-3). Let r(j) = j**a - 2 - 3*j - 2*j + 2 - 1. Calculate r(6).
5
Let d(j) be the first derivative of j**2 + 13*j + 47. What is d(-6)?
1
Let n(f) = -20 + 71 - f - 28 - 32. What is n(5)?
-14
Let z(s) be the first derivative of s**2/2 - 111. What is z(9)?
9
Let a(x) = -x**2 + 3*x - 13. Let q be a(6). Let s = -28 - q. Let d(i) = -i. Give d(s).
-3
Let m = 7 - 11. Let i = -5 - m. Let t = i + 0. Let x(q) = -2*q**2 - q - 1. Give x(t).
-2
Suppose -17 = 19*f - 131. Let s(v) be the first derivative of -v**2/2 + 5*v - 3. Determine s(f).
-1
Let o(v) = -v - 3. Let p be o(3). Let m be (-5 - -9)*(0 - -1). Let x(h) = m + 3 + 2 - 1 + 2*h. Give x(p).
-4
Let x be -12*-2*4/(-12). Let b(q) = q + 4. Calculate b(x).
-4
Let u(v) = v**3 - 4*v**2 - 5*v - 2. Suppose -3*y + 6*y = -2*b + 5, 5*y - 11 = -4*b. Let g be 6/(b + -3) - (-1 - -2). Calculate u(g).
-2
Suppose -10 = 2*g, -10 = -5*s + g - 40. Let a(i) be the second derivative of i**5/20 + 2*i**4/3 + 4*i**3/3 + 4*i. What is a(s)?
-7
Let g(a) = -1 + 6 - 27*a - 4 - 3 + 26*a. Suppose 2*z = z, 5*k = -5*z. What is g(k)?
-2
Let k(y) = 29*y**3 - 107*y**3 - 5*y**2 + 79*y**3 + 1. What is k(5)?
1
Let f(t) = -2*t - 2. Let c(n) = -n**3 - 11*n**2 - 10*n - 11. Let j(i) = c(i) - 5*f(i). Calculate j(-11).
-1
Let s(x) = -x**2 - 15*x - x**3 + 47 + 14*x - 38. What is s(0)?
9
Let k(v) be the third derivative of -v**4/6 - v**3 - v**2. Let t(s) = 94*s - 945. Let b be t(10). Determine k(b).
14
Let j(y) = -3*y - 2. Let c(n) = 125*n + 0 - 124*n + 0. Let w(o) = 2*c(o) + j(o). Give w(0).
-2
Suppose 0 = -4*t + c + 334, -4*t + 3*c = -2*t - 162. Let n = -77 + t. Let s(k) = k**2 - 7*k - 8. Give s(n).
-8
Let l(x) = x**2 - 9*x + 8. Let p = 64 + -41. Suppose 2*k = -2*k - 64. Let g = p + k. What is l(g)?
-6
Let h(d) = d**2 + 3*d + 11. Let l be h(-2). Let i(x) = x**2 - 10*x + 6. Calculate i(l).
-3
Let j(a) = 2*a**2 - a - 4. Let o(c) = -21*c - 564. Let l be o(-27). What is j(l)?
11
Let t(m) be the third derivative of -1/6*m**4 + 13*m**2 + 0*m**3 + 0 + 0*m + 1/60*m**5. Determine t(4).
0
Let r(n) be the third derivative of -1/4*n**4 - 1/60*n**5 + 5/6*n**3 + 1 + 2*n**2 + 0*n. Determine r(-6).
5
Let u(n) = 2 + n - n**2 + 2 + 0*n**2. Let r = -506 - -503. Give u(r).
-8
Suppose 9 = p - 3. Let x(q) = 2*q**3 - 3*q**3 - 3*q**2 - p*q**2 + 12*q**2 + 2*q - 2. Let l(a) = a**3 - 7*a**2 + 5*a + 3. Let s be l(6). Determine x(s).
-8
Let r(h) = 6*h - 5. Let y(t) = -23*t + 18. Let k(m) = 8*m - 6. Let q(l) = 8*k(l) + 3*y(l). Let p(b) = -5*q(b) - 4*r(b). Calculate p(8).
-2
Let p(r) = -2*r**2 - 17*r - 15. Let a be (3 + 44/(-16))*140/(-5). Calculate p(a).
6
Let x be 60/(-8)*(-2 + 0). Suppose -2*q = x*q - 68. Let g(z) = z**2 - 4*z + 5. Calculate g(q).
5
Let d be 12/(-8)*(-304)/114. Let i(b) = 5*b - 5*b**2 + b**2 + 2*b**2. Calculate i(d).
-12
Let s be 3 - 3*(-3 - -5). Let d be (8/(-24))/((-1)/s). Let i(x) be the second derivative of x**3/2 - 2*x. What is i(d)?
-3
Let d(c) = -c**3 + 13*c**2 + 15*c - 9. Let r be d(14). Suppose r*p + 3 = -27. Let g(k) = -k**3 - 6*k**2 + 6. Determine g(p).
6
Let x = -451 - -452. Let g(u) = 2*u**3 - 3*u**2 + 3*u**2. Give g(x).
2
Let o(r) = -r**3 + 3*r**2 + 2*r + 3. Suppose 289*c - 32 = 281*c. Give o(c).
-5
Suppose 33 = 5*g + 6*j, -5*g + 2*j + 3*j = 0. Let i(y) = 2*y**2 + 5*y + 5. Determine i(g).
38
Let n be (-6)/(-12)*0/1. Let f(b) = -b**3 + b**2 - b. Determine f(n).
0
Let j(t) = 3*t**2 - 42 - 7 - 14 + t - 13 - 4*t**2. Determine j(0).
-76
Let s(j) = 27*j**2 - 1. Suppose 4*z = -u + z + 7, 5*u - 2*z = 1. Calculate s(u).
26
Let l(t) be the third derivative of -1/2*t**3 - 1/120*t**6 - 1/24*t**4 - 31*t**2 + 0 - t + 1/15*t**5. Determine l(4).
-7
Let p(b) = b**3 + 16*b**2 + 14*b - 12. Let c be (0 - 6/10)/(35/875). Give p(c).
3
Suppose 0*g - 2*g + 78 = 0. Let i be (-6)/g - (-108)/26. Let r(z) = 5*z - 2*z - 6 - z. What is r(i)?
2
Let x(r) be the second derivative of -r**4/12 - r**3/2 - r**2 + r. Suppose 6*w + 13 = 2*c + 5*w, -3*c + 2*w = -19. Let h = 4 - c. Give x(h).
-2
Let r(f) = -f**2 - 8*f - 7. Suppose 5*t = 10, 13*m + t = 16*m + 23. Determine r(m).
0
Let o(i) = i**3 + 31*i**2 - i - 60*i**2 + 3 + 28*i**2. Let w = -7 + -3. Let s be (0/(-1))/(-11 - w). Determine o(s).
3
Let n(r) = r**2 - r - 9. Let w(q) = 6*q**2 + 15*q + 5. Let a(f) = -5*n(f) + w(f). What is a(-17)?
-